{"id":168,"date":"2023-10-14T00:26:11","date_gmt":"2023-10-13T22:26:11","guid":{"rendered":"https:\/\/portafoliouautonoma.com\/?page_id=168"},"modified":"2023-10-31T23:44:13","modified_gmt":"2023-10-31T22:44:13","slug":"talleres","status":"publish","type":"page","link":"https:\/\/portafoliouautonoma.com\/index.php\/talleres\/","title":{"rendered":"Talleres"},"content":{"rendered":"\n<h2 class=\"wp-block-heading has-text-align-center has-primary-color has-text-color has-large-font-size\">Innovaci\u00f3n Social y Desarrollo con Aprendizaje + Servicio y Portafolio Digital<\/h2>\n\n\n\n<hr class=\"wp-block-separator has-alpha-channel-opacity\"\/>\n\n\n\n<p class=\"has-text-align-center has-primary-color has-text-color\" style=\"font-size:clamp(14px, 0.875rem + ((1vw - 3.2px) * 0.357), 18px);\">Este curso se enfoca en la aplicaci\u00f3n pr\u00e1ctica de la innovaci\u00f3n social para abordar desaf\u00edos y problem\u00e1ticas reales en la comunidad. Los estudiantes aprender\u00e1n la metodolog\u00eda del Aprendizaje + Servicio, combinando el desarrollo de conocimientos te\u00f3ricos con la implementaci\u00f3n de proyectos de servicio en colaboraci\u00f3n con organizaciones locales. A lo largo del curso, los estudiantes trabajar\u00e1n en equipos para identificar problemas sociales y dise\u00f1ar soluciones innovadoras, involucrando a la comunidad en cada etapa del proceso. El enfoque en el Aprendizaje + Servicio les permitir\u00e1 adquirir habilidades pr\u00e1cticas mientras generan un impacto positivo en la sociedad.<\/p>\n\n\n\n<hr class=\"wp-block-separator has-text-color has-primary-color has-alpha-channel-opacity has-primary-background-color has-background is-style-dots\"\/>\n\n\n\n<h2 class=\"wp-block-heading has-text-align-center has-primary-second-color has-text-color\">Descripci\u00f3n de las sesiones<\/h2>\n\n\n\n<h2 class=\"wp-block-heading has-text-align-center has-primary-color has-text-color has-medium-font-size\"><strong>WordPress Aplicado al Portafolio Digital<\/strong> <\/h2>\n\n\n\n<div class=\"wp-block-columns is-layout-flex wp-container-5 wp-block-columns-is-layout-flex\">\n<div class=\"wp-block-column is-layout-flow wp-block-column-is-layout-flow\">\n<div class=\"wp-block-columns is-layout-flex wp-container-2 wp-block-columns-is-layout-flex\">\n<div class=\"wp-block-column is-layout-constrained wp-block-column-is-layout-constrained\">\n<p class=\"has-background-color has-primary-background-color has-text-color has-background\" style=\"font-size:clamp(14px, 0.875rem + ((1vw - 3.2px) * 0.179), 16px);\">Este taller pr\u00e1ctico est\u00e1 dise\u00f1ado para brindar a los estudiantes las habilidades y herramientas necesarias para crear un portafolio digital efectivo utilizando la plataforma WordPress. A lo largo del taller, los participantes aprender\u00e1n a dise\u00f1ar un portafolio personalizado que les permita mostrar y resaltar sus proyectos, habilidades y logros de manera profesional. El contenido del taller abarcar\u00e1 desde lo b\u00e1sico hasta lo avanzado, comenzando con una introducci\u00f3n a WordPress y su interfaz, para que los estudiantes se familiaricen con la plataforma. A continuaci\u00f3n, aprender\u00e1n a elegir un dise\u00f1o adecuado para su portafolio y a personalizarlo seg\u00fan sus necesidades y preferencias.<\/p>\n<\/div>\n<\/div>\n<\/div>\n\n\n\n<div class=\"wp-block-column is-layout-constrained wp-block-column-is-layout-constrained\">\n<p class=\"has-primary-color has-background-secondary-background-color has-text-color has-background\" style=\"font-size:14px\"><strong>Momento 1<\/strong>: Introducci\u00f3n a WordPress Qu\u00e9 es WordPress y su importancia en la creaci\u00f3n de sitios web. Diferencias entre WordPress.com y WordPress.org. Registro y configuraci\u00f3n de una cuenta en WordPress.com (gratuita). Conociendo el Panel de Administraci\u00f3n Acceso al panel de administraci\u00f3n de WordPress.<\/p>\n\n\n\n<p class=\"has-primary-color has-background-secondary-background-color has-text-color has-background\" style=\"font-size:14px\"><strong> <\/strong> <strong>Momento 2<\/strong>: Configuraci\u00f3n b\u00e1sica del sitio: t\u00edtulo, descripci\u00f3n, enlaces permanentes, etc. Creaci\u00f3n y edici\u00f3n de publicaciones. Uso del editor de bloques de WordPress, inserci\u00f3n de im\u00e1genes, bloques, gesti\u00f3n de men\u00fas y agregar botones.                                                                                                                                                                                    <br><\/p>\n<\/div>\n<\/div>\n\n\n\n<hr class=\"wp-block-separator has-alpha-channel-opacity\"\/>\n\n\n\n<hr class=\"wp-block-separator has-text-color has-primary-color has-alpha-channel-opacity has-primary-background-color has-background is-style-dots\"\/>\n\n\n\n<h2 class=\"wp-block-heading has-text-align-center has-primary-color has-text-color has-medium-font-size\"><strong>Video Aplicado a Proyectos<\/strong><\/h2>\n\n\n\n<div class=\"wp-block-columns are-vertically-aligned-top is-layout-flex wp-container-8 wp-block-columns-is-layout-flex\">\n<div class=\"wp-block-column is-vertically-aligned-top is-layout-constrained wp-block-column-is-layout-constrained\">\n<p class=\"has-background-color has-primary-background-color has-text-color has-background\" style=\"font-size:clamp(14px, 0.875rem + ((1vw - 3.2px) * 0.179), 16px);\">Este taller pr\u00e1ctico tiene como objetivo capacitar a los participantes en el uso efectivo del video como herramienta de comunicaci\u00f3n y difusi\u00f3n para proyectos de Aprendizaje + Servicio en el \u00e1mbito de la innovaci\u00f3n social. Durante el taller, los estudiantes aprender\u00e1n a crear videos que cuenten la historia de sus proyectos, resaltando su impacto social y su relevancia en la comunidad. El contenido del taller abarcar\u00e1 desde lo b\u00e1sico hasta lo avanzado, comenzando con una introducci\u00f3n a los conceptos fundamentales del video, como encuadre, iluminaci\u00f3n, composici\u00f3n y narrativa audiovisual. Los participantes aprender\u00e1n a utilizar c\u00e1maras y equipos de grabaci\u00f3n, as\u00ed como herramientas de edici\u00f3n de video para dar forma a sus proyectos.<\/p>\n<\/div>\n\n\n\n<div class=\"wp-block-column is-vertically-aligned-top is-layout-constrained wp-block-column-is-layout-constrained\">\n<p class=\"has-primary-color has-background-secondary-background-color has-text-color has-background\" style=\"font-size:14px\"><strong>Momento 1<\/strong>: Identificaci\u00f3n de las historias clave y mensajes relevantes del proyecto. Estructura narrativa para transmitir el prop\u00f3sito y el impacto social del proyecto. Ejercicio Pr\u00e1ctico &#8211; Identificaci\u00f3n de historias. Los participantes trabajar\u00e1n en grupos peque\u00f1os para identificar y compartir las historias clave de sus proyectos de Aprendizaje + Servicio.                                                                         <\/p>\n\n\n\n<p class=\"has-primary-color has-background-secondary-background-color has-text-color has-background\" style=\"font-size:14px\"><strong>Momento 2<\/strong>: Uso adecuado de equipos de grabaci\u00f3n, como c\u00e1maras y micr\u00f3fonos. T\u00e9cnicas para realizar entrevistas efectivas y capturar testimonios impactantes. Ejercicio Pr\u00e1ctico &#8211; Entrevistas en Video.  Los participantes practicar\u00e1n la realizaci\u00f3n de entrevistas simuladas, grabando. Testimonios relacionados con sus proyectos.  Recorte y montaje de clips para crear una narrativa coherente. Uso de m\u00fasica, efectos de sonido y gr\u00e1ficos para enriquecer el video.                                                                                    <strong>                                                                     <\/strong>                                            <\/p>\n<\/div>\n<\/div>\n\n\n\n<hr class=\"wp-block-separator has-alpha-channel-opacity\"\/>\n\n\n\n<hr class=\"wp-block-separator has-text-color has-primary-color has-alpha-channel-opacity has-primary-background-color has-background is-style-dots\"\/>\n\n\n\n<h2 class=\"wp-block-heading has-text-align-center has-primary-second-color has-text-color has-medium-font-size\">Podcast Aplicado a Proyecto<\/h2>\n\n\n\n<div class=\"wp-block-columns is-layout-flex wp-container-11 wp-block-columns-is-layout-flex\">\n<div class=\"wp-block-column has-primary-background-color has-background is-layout-flow wp-block-column-is-layout-flow\">\n<p class=\"has-background-color has-primary-background-color has-text-color has-background\" style=\"font-size:14px\">En este taller pr\u00e1ctico, los participantes aprender\u00e1n a utilizar el poder del podcasting como una herramienta efectiva para difundir y comunicar proyectos de Aprendizaje + Servicio con enfoque en la innovaci\u00f3n social. A lo largo del taller, los estudiantes se sumergir\u00e1n en el mundo del audio y aprender\u00e1n a crear podcasts que destaquen la importancia de sus proyectos, generando un impacto positivo en la comunidad. El contenido del taller abarcar\u00e1 desde lo b\u00e1sico hasta lo avanzado en la producci\u00f3n de podcasts. Los participantes aprender\u00e1n a planificar y dise\u00f1ar contenido, a grabar con calidad de audio, a editar y a pulir su producto final. Se prestar\u00e1 especial atenci\u00f3n a la narrativa y al uso del lenguaje para transmitir mensajes significativos y emocionales.<\/p>\n<\/div>\n\n\n\n<div class=\"wp-block-column is-vertically-aligned-top has-background-background-color has-background is-layout-constrained wp-block-column-is-layout-constrained\">\n<p class=\"has-primary-color has-background-secondary-background-color has-text-color has-background\" style=\"font-size:14px\"><strong>Momento 1<\/strong>: Introducci\u00f3n al Podcasting y su Relevancia en Proyectos de Aprendizaje + Servicio. Definici\u00f3n y caracter\u00edsticas del podcasting aplicado a proyectos sociales. Planificaci\u00f3n y Dise\u00f1o del Contenido del Podcast. Estructura narrativa para transmitir el prop\u00f3sito y el impacto social del proyecto en el formato de podcast.                                                                                                         <\/p>\n\n\n\n<p class=\"has-primary-color has-background-secondary-background-color has-text-color has-background\" style=\"font-size:14px\"><strong> Momento 2<\/strong>: Grabaci\u00f3n y T\u00e9cnicas de Narraci\u00f3n \u00a0Uso adecuado de equipos de grabaci\u00f3n de audio. T\u00e9cnicas para narrar de manera efectiva y atractiva las historias relacionadas con el proyecto.  Incorporaci\u00f3n de Elementos de Producci\u00f3n -Uso de m\u00fasica y efectos de sonido para enriquecer la experiencia auditiva del podcast.                                                                                                                                                                                                                                                                                        <\/p>\n<\/div>\n<\/div>\n\n\n\n<hr class=\"wp-block-separator has-alpha-channel-opacity\"\/>\n\n\n\n<hr class=\"wp-block-separator has-text-color has-primary-color has-alpha-channel-opacity has-primary-background-color has-background is-style-dots\"\/>\n\n\n\n<h2 class=\"wp-block-heading has-text-align-center has-primary-color has-background-background-color has-text-color has-background has-medium-font-size\">Taller de Difusi\u00f3n en Redes Sociales<\/h2>\n\n\n\n<div class=\"wp-block-columns is-layout-flex wp-container-14 wp-block-columns-is-layout-flex\">\n<div class=\"wp-block-column is-layout-constrained wp-block-column-is-layout-constrained\">\n<p class=\"has-background-color has-primary-background-color has-text-color has-background\" style=\"font-size:clamp(14px, 0.875rem + ((1vw - 3.2px) * 0.179), 16px);\">Este taller se enfoca en el uso estrat\u00e9gico y efectivo de las redes sociales como herramienta de difusi\u00f3n para proyectos de Aprendizaje + Servicio en el contexto de la innovaci\u00f3n social. Los participantes aprender\u00e1n a utilizar plataformas populares como Facebook, Instagram, Threads, LinkedIn y otras para promover sus proyectos y llegar a una audiencia comprometida. El contenido del taller abarcar\u00e1 conceptos clave en la gesti\u00f3n de redes sociales, como la creaci\u00f3n de contenido atractivo, la identificaci\u00f3n de la audiencia objetivo, el desarrollo de una estrategia de publicaci\u00f3n y el uso de m\u00e9tricas para medir el rendimiento y la efectividad de las publicaciones.<\/p>\n<\/div>\n\n\n\n<div class=\"wp-block-column is-layout-constrained wp-container-13 wp-block-column-is-layout-constrained\">\n<p class=\"has-primary-color has-background-secondary-background-color has-text-color has-background\" style=\"font-size:14px\"><strong>Momento 1<\/strong>: Introducci\u00f3n a las Redes Sociales y su Importancia en Proyectos de Aprendizaje + Servicio. Definici\u00f3n y relevancia de las redes sociales en la comunicaci\u00f3n y difusi\u00f3n de proyectos sociales. Ejemplos de proyectos de Aprendizaje + Servicio que han utilizado con \u00e9xito las redes sociales. Identificaci\u00f3n de la Audiencia Objetivo y Estrategia de Comunicaci\u00f3n.                                                                        .<\/p>\n\n\n\n<p class=\"has-primary-color has-background-secondary-background-color has-text-color has-background\" style=\"font-size:14px\"><strong>Momento 2<\/strong>: Creaci\u00f3n de Contenido Atractivo y Relevante. C\u00f3mo desarrollar contenido que sea interesante y valioso para la audiencia en redes sociales. Uso de im\u00e1genes, videos y texto para generar impacto y captar la atenci\u00f3n del p\u00fablico. Ejercicio Pr\u00e1ctico &#8211; Creaci\u00f3n de Contenido.                                                                                      <\/p>\n<\/div>\n<\/div>\n\n\n\n<div style=\"height:100px\" aria-hidden=\"true\" class=\"wp-block-spacer\"><\/div>\n","protected":false},"excerpt":{"rendered":"<p>Innovaci\u00f3n Social y Desarrollo con Aprendizaje + Servicio y Portafolio Digital Este curso se enfoca en la aplicaci\u00f3n pr\u00e1ctica de la innovaci\u00f3n social para abordar desaf\u00edos y problem\u00e1ticas reales en la comunidad. Los estudiantes aprender\u00e1n la metodolog\u00eda del Aprendizaje + Servicio, combinando el desarrollo de conocimientos te\u00f3ricos con la implementaci\u00f3n de proyectos de servicio en [&hellip;]<\/p>\n","protected":false},"author":1,"featured_media":0,"parent":0,"menu_order":0,"comment_status":"closed","ping_status":"closed","template":"","meta":{"footnotes":""},"_links":{"self":[{"href":"https:\/\/portafoliouautonoma.com\/index.php\/wp-json\/wp\/v2\/pages\/168"}],"collection":[{"href":"https:\/\/portafoliouautonoma.com\/index.php\/wp-json\/wp\/v2\/pages"}],"about":[{"href":"https:\/\/portafoliouautonoma.com\/index.php\/wp-json\/wp\/v2\/types\/page"}],"author":[{"embeddable":true,"href":"https:\/\/portafoliouautonoma.com\/index.php\/wp-json\/wp\/v2\/users\/1"}],"replies":[{"embeddable":true,"href":"https:\/\/portafoliouautonoma.com\/index.php\/wp-json\/wp\/v2\/comments?post=168"}],"version-history":[{"count":16,"href":"https:\/\/portafoliouautonoma.com\/index.php\/wp-json\/wp\/v2\/pages\/168\/revisions"}],"predecessor-version":[{"id":416,"href":"https:\/\/portafoliouautonoma.com\/index.php\/wp-json\/wp\/v2\/pages\/168\/revisions\/416"}],"wp:attachment":[{"href":"https:\/\/portafoliouautonoma.com\/index.php\/wp-json\/wp\/v2\/media?parent=168"}],"curies":[{"name":"wp","href":"https:\/\/api.w.org\/{rel}","templated":true}]}}